 is the units digit of i?
6
Let s(c) = -c**2 - 7*c + 10. Let v be s(-8). Suppose -v*b = -35 - 85. Suppose -5*o = -2*o - b. What is the tens digit of o?
2
Suppose 5*r - 12*r + 315 = 0. Suppose -30 - 70 = -2*d - l, -d = -2*l - r. What is the tens digit of d?
4
Suppose 5*b - b = 4, 4*t - 2*b = 182. Suppose -51*v = -t*v - 160. What is the units digit of v?
2
Suppose 0 = -b - 3*u - 5, -b = u - 2*u + 5. Let i be 2/(-2 + b/(-2)). Suppose -4*x = -4*a + 139 + 69, i*x + 55 = a. What is the units digit of a?
1
Suppose -24*r + 800 = -8*r. What is the units digit of r?
0
Let s(c) = c**2 + 7*c - 3. Let i be s(-8). Suppose i*x - 2*x - 12 = 0. What is the units digit of 43 + 1/(x/(-8))?
1
Let j = -27 - -29. Suppose -4*q + 88 = 24. Suppose j*w + 2*w - q = 0. What is the units digit of w?
4
What is the hundreds digit of 202 + (-11 - 121/(-11))?
2
Let q = -690 + 1033. What is the hundreds digit of q?
3
Suppose 0 = -a - a - 66. Let w = 69 + a. Suppose w = 4*c + 2*l, 6 = -4*c + 4*l + 18. What is the units digit of c?
7
Let t(k) = -k**3 + 8*k**2. Let w(s) = s**2 - 2*s - 7. Let n be w(5). Let z be t(n). Let u(j) = -j**2 + 5. What is the units digit of u(z)?
5
Let n = 2154 + -1501. What is the tens digit of n?
5
Let f be (10/4)/((-44)/8 - -6). Suppose -575 = -5*z + 2*d - f*d, -d = 3*z - 341. What is the hundreds digit of z?
1
Let b = -225 - -628. What is the hundreds digit of b?
4
Suppose -3612 = -17*u + 10*u. What is the hundreds digit of u?
5
Let m(y) = -33*y + 312. What is the units digit of m(-38)?
6
Let v(s) = -245*s - 145. What is the tens digit of v(-3)?
9
Let s = -11 + 16. Let v(f) = f**3 - 4*f**2 + 4*f + 2. Let q be v(4). Suppose -s*k + 53 = q. What is the units digit of k?
7
Suppose 71 = 5*c - 169. Suppose -c = -3*z + 3*n, 7*n - 3*n = z - 10. What is the tens digit of z?
1
Suppose -8*c + 3852 = -14740. What is the units digit of c?
4
Let f = 28 - 50. Let n = 0 + f. Let l = n - -47. What is the tens digit of l?
2
Let c be ((-4)/(-2) - -3)/(-3 - -4). Suppose j = 3*a - 465, a + a = c*j + 323. What is the tens digit of a?
5
What is the units digit of (208/65)/(4/430)?
4
Suppose 1830 = 3*j - 5304. Let g = j + -5194. What is the units digit of g/(-56) - 4/14?
0
Let z(b) = 4 - 5 + 22*b + 7 + 140*b. What is the units digit of z(1)?
8
Suppose 2950 = 5*q + 3*t, t = 4*q - 0*t - 2343. What is the units digit of q?
7
Let p(l) = 48*l**3 - 3*l**2 + l + 5. Let h be p(-4). Let q = h - -6275. What is the units digit of q/66 + (-4)/(-22)?
8
Suppose -2*c - 808 = -5*r + 3112, 0 = -3*r + 2*c + 2348. What is the units digit of r?
6
Let s be (-2*(-2)/(-4))/(3/(-21)). Suppose 4*k + 327 = s*k. What is the units digit of k?
9
Let l(t) = -t**2 - 6*t - 10. Let k be l(-6). Let r = k - -37. What is the units digit of r?
7
Suppose -4*x + 3*l + 0*l + 1616 = 0, 3*l = -3*x + 1191. What is the tens digit of x?
0
Let o(r) = 29*r**3 - 14*r + 31. What is the hundreds digit of o(2)?
2
Let j = 1 + 1. Let g(v) = -2*v**2 + 11 + 2*v**2 + 0 - v**j. What is the tens digit of g(0)?
1
Let u = -65 - -81. Suppose -7*n + u*n = 990. What is the hundreds digit of n?
1
Suppose 4*c + 16 = 0, 3*c + 872 = -37*r + 41*r. What is the hundreds digit of r?
2
What is the units digit of 252/(-756) + 7807/3 + -2?
0
Let i(r) = -r**2 + 13*r - 21. Suppose 2*o = -n - 2*o + 17, o = -2*n + 13. What is the tens digit of i(n)?
1
Suppose 8*k - 7744 = -1592. What is the units digit of k?
9
Let d = 257 + 208. What is the tens digit of d?
6
Let r(h) = h + 2. Let t be r(0). Suppose 0 = -q + 2, -3*q + 72 = -5*g - t*q. Let b = -12 - g. What is the units digit of b?
2
What is the units digit of 6/(-84)*-4 + (-6963)/(-7)?
5
Let w(l) = l**2 + 8. Let h be w(0). Let y be (-1)/h + (-93)/24. Let d(b) = -b**3 - 3*b**2 - 2*b + 8. What is the tens digit of d(y)?
3
Let w be (-2)/(-4)*(6 + 2). Suppose -3*z = -z - w. Suppose z*m - 24 = -2*x - x, 2*x + 4 = 0. What is the tens digit of m?
1
Let v = 777 - -618. What is the tens digit of v?
9
Suppose -z = -3*s + 1484, 3*s + 2*z = 5*s - 992. What is the units digit of s?
4
Let i(r) = 6*r**3 + 8*r**2 + 10. Let l(u) = -u**3 - u. Let x(n) = -i(n) - 3*l(n). What is the units digit of x(-6)?
2
What is the hundreds digit of 124/1302 - (-2)/(-42)*-41053?
9
Suppose -5*g = m - 15, -18 = -3*m - 3*g + 3. Suppose 0 = -m*f - 0*r - 4*r + 282, -2*f - 3*r + 117 = 0. What is the units digit of f?
4
Let f = 16 - 14. Suppose f*v - 83 = -a, -3*a + 0*a - 138 = -3*v. Let h = 21 + v. What is the units digit of h?
4
Let m(g) be the first derivative of g**3 - 3*g**2/2 - 7*g + 11. Let r be m(-5). Suppose -f + r = 2*b + 25, -4*b - 8 = 0. What is the tens digit of f?
6
Suppose 15440 + 63253 = 17*q. What is the hundreds digit of q?
6
Let g = -50 - -257. Let s be g/(9/3) + -4. Let w = s - 15. What is the units digit of w?
0
Let m(w) be the third derivative of -1/24*w**4 + 0 + 0*w + w**3 - 5*w**2. What is the units digit of m(-8)?
4
Let s be 2/(-6) + (-148)/6. Let b = 8 + s. Let k = b + 33. What is the tens digit of k?
1
Suppose -2*a = 3*w - 2093, -3*a - 5280 = -8*a + 2*w. What is the tens digit of a?
5
Suppose f + w = 3*w + 7, -5*f + 5*w + 30 = 0. Let y(h) = 5*h + 15. Let i be y(f). Suppose i = -2*q + 3*q. What is the units digit of q?
0
Let r = -20 - -17. Let x(g) = -3*g - 4. Let f be x(r). Suppose -f*l + 3*l = -20. What is the tens digit of l?
1
Let z(c) = -5*c**3 + 4*c**2 - 2*c - 2. Let n be z(3). Let w = n - -221. What is the hundreds digit of w?
1
Suppose 4*r = -3*w + 11025, -r - w = 3*w - 2766. What is the thousands digit of r?
2
Let o(q) = 3*q**2 - q - 333. What is the units digit of o(-22)?
1
Suppose -28*z = -32*z - 5*h + 1067, -z + 278 = -h. What is the hundreds digit of z?
2
Let o = -197 + 99. Let q = -32 - o. Suppose 0 = -x - x + q. What is the units digit of x?
3
Suppose 20 = -7*s + 11*s. Suppose 4*v - s*v + 16 = 0. What is the units digit of v?
6
Suppose -16*i + 17*i - 5*r - 34 = 0, -2*i = 3*r - 107. What is the tens digit of i?
4
Suppose 5*t + 7 = f - 0, 2*t - 5*f + 12 = 0. Suppose 19 = -3*k - 17. What is the units digit of (88/k)/(t/3)?
2
Let h be (-1)/(-5) + (3 - (-684)/(-20)). Let u(b) = 2*b**2 + 13*b + 10. Let m be u(-8). Let t = m + h. What is the units digit of t?
3
Let j(y) = -y**3 - 2*y**2 - y - 2. Let v be j(-2). Suppose v = 5*l + l - 96. What is the units digit of l?
6
Let m(o) = 172*o + 537. What is the thousands digit of m(6)?
1
Let c = 848 - 561. What is the tens digit of c?
8
Suppose -18*g + 4 = -16*g. What is the tens digit of (((-135)/(-2))/9)/(g/8)?
3
Let l(t) = 129*t**2 - 5*t + 29. What is the units digit of l(4)?
3
Suppose -4*c + 3528 = 3*v, 0*v + 4*v = -2*c + 4714. What is the thousands digit of v?
1
Suppose -5*k = -k. Suppose k = 5*t - 3*t - 148. What is the units digit of t?
4
Let q(m) = 11*m - 67. Let d(p) = 6*p - 34. Let o(v) = 7*d(v) - 3*q(v). What is the units digit of o(5)?
8
Let s(m) = -491*m + 577. What is the tens digit of s(-6)?
2
Let d = 5066 - 9716. What is the hundreds digit of (d/(-45))/(4/6)?
1
What is the tens digit of (-4 + 17859)/((-155)/(-31))?
7
Let p = -17 - -33. Suppose p*l - 26 = 1126. What is the units digit of l?
2
Let l(z) = -13*z - 8. Suppose t - 3 = 2*t - 2*o, -5*t + 5*o = 20. What is the tens digit of l(t)?
5
Let t = -936 - -1142. What is the tens digit of t?
0
What is the tens digit of 45508/217 + 9/7 + -1?
1
Let x = 12 - 6. Let f(d) = d**3 - 4*d**2 + 4*d + 12. What is the hundreds digit of f(x)?
1
Let v = 3 - -6. Suppose -4*a + v - 21 = 0. What is the units digit of (4/(-1) - a)/(-1)?
1
Let h be 27/((-21)/6 - -4)*3. Suppose -a = -4*i - h, 5*a + 4*i - 810 = 7*i. What is the hundreds digit of a?
1
Let z = 1123 - -114. What is the thousands digit of z?
1
Let f(q) = 2*q - q**2 + 6*q**2 - 4*q. Let z be f(-2). Let n = z + -9. What is the units digit of n?
5
Let f(j) be the third derivative of j**4/24 - 5*j**3/6 + 3*j**2. Let r be f(5). What is the units digit of 2 - (3 + -19) - r?
8
Let a = 267 + -494. Let i = 322 + a. What is the units digit of i?
5
Suppose p - 1 = 4*d + 24, 0 = 5*p - 25. What is the units digit of ((-57)/(5/d))/3?
9
Suppose 3 = u + 1. Suppose -u*c = -5*c. Suppose -8*d + 4*d + 48 = c. What is the tens digit of d?
1
Suppose 0 = 261*d - 273*d + 28140. What is the hundreds digit of d?
3
Let d(z) = -48*z + 31. Let b be d(7). Let m = -155 - b. What is the 